 -36418*m + 72268. What is z(2)?
-568
Let i(s) = 5*s**2 - 1004*s + 21991. Determine i(25).
16
Let x(w) = -1959*w - 31342. Determine x(-16).
2
Let q(l) = 135*l**2 - 12775*l - 4751. Determine q(95).
-1
Let q(h) = -57*h**2 + 382*h - 52. Calculate q(6).
188
Let o(z) = 166*z + 7168. Give o(-25).
3018
Let n(v) = 3168*v - 975743. Determine n(308).
1
Let m(o) = -120*o**2 - 2383*o + 69734. Calculate m(-36).
2
Let y(m) = m**2 - 190*m - 48. What is y(193)?
531
Let w(h) = 3*h**2 + 2158*h - 9. Calculate w(0).
-9
Let t(u) = -u**2 - 160*u - 1248. Determine t(-153).
-177
Let p(o) = 6*o**3 - 290*o**2 + 22*o - 10679. Give p(49).
3
Let x(f) = -1244*f + 10134. Calculate x(8).
182
Let f(k) = 312*k - 3098. Calculate f(12).
646
Let w(a) = 158*a + 11651. What is w(-56)?
2803
Let k(p) = -3*p**3 + 139*p**2 - 1669*p + 47147. Determine k(42).
-19
Let t(i) = 2*i**3 - 50*i**2 + 305*i + 53. Determine t(12).
-31
Let j(k) = -4449*k - 2438031. Give j(-548).
21
Let d(h) = -12*h**3 + h**2 + 15*h - 155. Determine d(-6).
2383
Let k(d) = -3*d**2 + 58*d - 182. Give k(15).
13
Let x(b) = -b**2 - 74*b + 5376. What is x(-119)?
21
Let b(j) = -1212*j - 458. Determine b(-1).
754
Let x(l) = -4*l**2 + 1293*l + 5189. What is x(-4)?
-47
Let s(z) = z**3 - 13*z**2 + 2353*z - 28106. Give s(12).
-14
Let f(x) = -x**2 + 19*x - 138. What is f(41)?
-1040
Let i(f) = -2*f**2 + 363*f - 11312. Calculate i(140).
308
Let r(o) = -1480*o - 541676. Determine r(-366).
4
Let a(k) = -2*k**2 - 20280*k + 6672842. Give a(319).
0
Let t(m) = -25*m**2 - 1248*m + 84. Calculate t(-50).
-16
Let d(o) = o**3 - 1116*o**2 - 3*o + 3353. What is d(1116)?
5
Let i(r) = r**3 + 7*r**2 + 156*r + 1284. Determine i(-7).
192
Let h(f) = 2921*f + 1358398. Calculate h(-465).
133
Let c(k) = k**3 + 77*k**2 + 1238*k + 61. Give c(-54).
277
Let d(c) = -4*c**3 + 104*c**2 - 410*c - 198. Calculate d(21).
12
Let i(p) = -17*p**3 + 552*p**2 - 2196*p. Calculate i(4).
-1040
Let u(v) = -327*v**2 - 2440*v + 7307. Calculate u(3).
-2956
Let y(m) = 18470*m - 350956. Determine y(19).
-26
Let p(f) = -2*f**3 + 172*f**2 + 84*f - 7044. Give p(86).
180
Let l(o) = 92*o**2 + 5235*o - 523. Give l(-57).
-10
Let h(x) = -3187*x + 378997. What is h(119)?
-256
Let l(x) = 10*x**3 + 21*x**2 + 39*x - 265. Determine l(-8).
-4353
Let c(q) = -1455*q + 16904. Give c(11).
899
Let u(c) = -11*c**2 + 7*c + 35. Give u(5).
-205
Let p(c) = -5809*c - 406480. Calculate p(-70).
150
Let w(a) = 238224*a + 6193784. What is w(-26)?
-40
Let j(h) = 552*h + 158978. Give j(-288).
2
Let g(r) = -r**3 - 11*r**2 - 6890*r - 75797. Give g(-11).
-7
Let x(f) = 4944307*f - 59331694. Give x(12).
-10
Let m(s) = -s**3 - 18*s**2 + 29*s + 184. What is m(-19)?
-6
Let w(j) = -3*j**3 - 92*j**2 + 35*j + 11. Give w(-31).
-113
Let v(w) = w**3 - 3*w**2 - 137*w + 55. What is v(11)?
-484
Let q(t) = -768*t + 1992. Give q(2).
456
Let g(a) = 2*a**2 + 715*a + 7276. Calculate g(-347).
-11
Let j(p) = 173*p + 28235. What is j(-158)?
901
Let h(r) = 43*r**2 + 1200*r - 168. Determine h(-28).
-56
Let l(x) = -35690*x**2 + 285521*x - 12. Determine l(8).
-4
Let w(v) = -1764*v - 8167. Determine w(-4).
-1111
Let d(o) = -1461*o + 85259. What is d(58)?
521
Let x(s) = 64888*s - 4736822. Calculate x(73).
2
Let m(s) = 179*s + 6256. Give m(-35).
-9
Let d(i) = -9*i**2 - 735*i - 14493. Give d(-33).
-39
Let g(p) = 377*p + 92674. Calculate g(-245).
309
Let q(w) = 4*w**3 - 126*w**2 + 185*w - 144. Determine q(30).
6
Let a(j) = 2*j**3 + 46*j**2 - 817*j - 18364. Calculate a(-24).
92
Let q(m) = -153*m + 3590. What is q(20)?
530
Let f(w) = 1794*w + 110431. Give f(-62).
-797
Let y(j) = 47*j**2 - 2972*j - 2308. Determine y(64).
-4
Let a(w) = -w**3 - 747*w**2 + 2973*w - 23279. Give a(-751).
2
Let n(m) = -28*m**3 - 4791*m**2 - 503*m + 1704. Give n(-171).
-6
Let o(x) = -x**2 - 13194*x + 13194. Determine o(1).
-1
Let p(s) = s**3 - 45*s + 856. Determine p(-11).
20
Let p(h) = 5071*h + 192673. Determine p(-38).
-25
Let h(b) = b**3 - 95*b**2 - 255*b - 4438. Give h(98).
-616
Let m(s) = -s**3 - 125*s**2 + 4905*s + 446762. Determine m(-137).
5
Let t(u) = u**3 + 138*u**2 + 4363*u - 27842. Determine t(-73).
44
Let g(m) = -181*m + 6705. Calculate g(38).
-173
Let r(b) = 2*b**2 - 8633*b + 43089. Determine r(5).
-26
Let p(j) = -86*j - 70401. Calculate p(-817).
-139
Let k(i) = -i**3 + 13*i**2 + 49*i - 323. What is k(9)?
442
Let f(t) = 4*t**3 - 1105*t**2 - 6481*t - 1395. Determine f(282).
15
Let u(r) = r**3 - 49*r**2 - 100*r - 385. Calculate u(50).
-2885
Let z(r) = -1658*r + 36502. Calculate z(22).
26
Let r(b) = b**3 + 344*b**2 + 409*b + 140665. Give r(-344).
-31
Let r(b) = b**3 + 286*b**2 - 8126*b + 362. Determine r(26).
-2
Let n(l) = -5293*l - 5309. Give n(-1).
-16
Let k(h) = 1468*h - 184977. Give k(126).
-9
Let r(h) = 10*h**3 - 155*h**2 + 395*h - 4795. What is r(15)?
5
Let q(z) = -16*z**3 + 657*z**2 - 46*z + 93. Calculate q(41).
-112
Let p(n) = -n**3 - 16*n**2 + 42*n + 1052. Give p(-14).
72
Let n(o) = -3*o**3 + 391*o**2 - 139*o + 1138. Calculate n(130).
-32
Let y(j) = 58*j**2 + 159*j + 153. Calculate y(-1).
52
Let n(j) = -2*j**2 + 2097*j - 105529. What is n(53)?
-6
Let t(u) = -453596*u + 2721566. Give t(6).
-10
Let n(v) = v**3 - 58*v**2 + 129*v - 1051. Calculate n(55).
-3031
Let y(s) = -s**3 - 8*s**2 + 473*s + 5414. Give y(-14).
-32
Let q(o) = -2*o**2 + 166*o + 34. What is q(0)?
34
Let z(s) = -2490*s + 873987. Give z(351).
-3
Let n(u) = 4*u**3 + 113*u**2 + 220*u - 266. Determine n(-26).
98
Let y(g) = 183*g - 7164. Calculate y(34).
-942
Let b(z) = -2*z**3 + 87*z**2 + 3745*z - 7829. What is b(2)?
-7
Let m(y) = 10929*y + 316921. Give m(-29).
-20
Let i(f) = -4*f**3 - 382*f**2 + 339*f + 50245. Calculate i(-95).
-10
Let m(c) = -2179*c - 35268. Give m(-16).
-404
Let i(j) = 4088642*j + 32709131. What is i(-8)?
-5
Let z(b) = 3*b**2 + 68*b - 2551. What is z(17)?
-528
Let z(r) = r**3 - 88*r**2 + 251*r + 420. Determine z(85).
80
Let u(t) = 356*t + 94152. Give u(-264).
168
Let q(w) = -2*w**2 - 80*w - 28. Give q(-36).
260
Let q(o) = 2*o**3 + 229*o**2 + 1198*o - 212. What is q(-109)?
-103
Let c(i) = -5788*i - 11555. Give c(-2).
21
Let v(g) = 2*g**2 - 3976*g + 23827. Determine v(6).
43
Let a(h) = -578*h - 1923. Give a(-6).
1545
Let u(i) = -69682*i + 697001. What is u(10)?
181
Let c(d) = 175*d + 94. Give c(2).
444
Let j(c) = -141*c - 741. Calculate j(-5).
-36
Let r(i) = -2630*i - 5316. Give r(-2).
-56
Let k(g) = -38*g**2 + 2546*g - 493. Determine k(67).
-493
Let g(h) = h**3 - 213*h**2 - 4906*h + 189. Determine g(-21).
21
Let o(c) = -100338*c + 1003372. What is o(10)?
-8
Let c(l) = -l**3 + 72*l**2 - 208*l - 8459. Calculate c(67).
50
Let x(r) = -70*r**2 - 14421*r - 171. Calculate x(-206).
35
Let t(a) = 20082*a - 221172. What is t(11)?
-270
Let o(p) = 2*p**2 - 2518*p - 407120. What is o(-145)?
40
Let o(v) = -78*v**3 - 62*v**2 - 58*v + 3. Determine o(-1).
77
Let w(r) = -r**3 - 28*r**2 - 124*r - 169. Calculate w(-27).
2450
Let p(j) = 3*j**3 - 471*j**2 + 10*j + 10. What is p(0)?
10
Let u(q) = -q**3 + 76*q**2 - 1297*q - 2248. What is u(48)?
8
Let c(a) = 2*a**2 + 344*a + 15465. Determine c(-86).
673
Let m(d) = d**3 - 116*d**2 + 358*d - 2132. Determine m(113).
15
Let t(h) = -396*h**2 - 55*h + 3. Determine t(-3).
-3396
Let y(p) = -p**3 + 128*p**2 - 372*p + 592. What is y(125)?
967
Let h(k) = -2*k**3 + 4*k**2 + 110*k + 51. Give h(-8).
451
Let c(k) = 85*k + 5965. What is c(-79)?
-750
Let k(f) = 12*f**3 + 24*f**2 - 761*f + 39. Give k(-9).
84
Let h(x) = -8*x**2 + 98*x + 317. Calculate h(-3).
-49
Let f(w) = 4*w**3 + 1759*w**2 - 2208*w - 1337. Calculate f(-441).
-14
Let c(f) = -2*f**3 - 100*f**2 - 81*f - 1220. What is c(-49)?
-2053
Let u(g) = -2*g**3 - 316*g**2 - 926*g - 117. What is u(-155)?
-737
Let c(y) = -827*y + 100. Give c(3).
-2381
Let u(g) = -37924*g - 13. What is u(0)?
-13
Let v(b) = -24507*b + 269615. Calculate v(11).
38
Let v(i) = 1155*i - 22162. Determine v(19).
-217
Let x(b) = -5*b**2 - 232*b + 3526. Determine x(-58).
162
Let p(i) = i**3 - 13*i**2 - 314*i - 166. Give p(-12).
2
Let c(h) = -h**3 + h**2 + 45*h - 153. Determine c(6).
-63
Let n(f) = -52*f**2 - 1157*f - 1373. Give n(-21).
-8
Let v(x) = 24461*x + 122830. What is v(-5)?
525
Let t(b) = -4*b**3 + 9*b**2 - 24*b + 2396. Determine t(9).
-7
Let z(l) = 2*l**2 - 49931*l + 21919543. What is z(447)?
4
Let s(d) = 258449*d - 4393618.